{"id":514,"date":"2019-08-24T16:11:29","date_gmt":"2019-08-24T16:11:29","guid":{"rendered":"http:\/\/quimicosmadrid.org\/home\/?page_id=514"},"modified":"2024-10-23T10:03:05","modified_gmt":"2024-10-23T10:03:05","slug":"agencia-de-colocacion","status":"publish","type":"page","link":"https:\/\/quimicosmadrid.org\/home\/agencia-de-colocacion\/","title":{"rendered":"Agencia de Colocaci\u00f3n"},"content":{"rendered":"\n<h3 class=\"wp-block-heading\">El Ilustre Colegio de Qu\u00edmicos de Madrid se encuentra acreditado&nbsp;por el Servicio P\u00fablico de Empleo Estatal como Agencia de Colocaci\u00f3n sin \u00e1nimo de lucro con el N\u00famero 9900000587<\/h3>\n","protected":false},"excerpt":{"rendered":"<p>El Ilustre Colegio de Qu\u00edmicos de Madrid se encuentra acreditado&nbsp;por el Servicio P\u00fablico de Empleo Estatal como Agencia de Colocaci\u00f3n sin \u00e1nimo de lucro con el<span class=\"excerpt-hellip\"> [\u2026]<\/span><\/p>\n","protected":false},"author":1,"featured_media":0,"parent":0,"menu_order":0,"comment_status":"closed","ping_status":"closed","template":"","meta":{"_acf_changed":false,"footnotes":""},"class_list":["post-514","page","type-page","status-publish","hentry"],"acf":[],"_links":{"self":[{"href":"https:\/\/quimicosmadrid.org\/home\/wp-json\/wp\/v2\/pages\/514","targetHints":{"allow":["GET"]}}],"collection":[{"href":"https:\/\/quimicosmadrid.org\/home\/wp-json\/wp\/v2\/pages"}],"about":[{"href":"https:\/\/quimicosmadrid.org\/home\/wp-json\/wp\/v2\/types\/page"}],"author":[{"embeddable":true,"href":"https:\/\/quimicosmadrid.org\/home\/wp-json\/wp\/v2\/users\/1"}],"replies":[{"embeddable":true,"href":"https:\/\/quimicosmadrid.org\/home\/wp-json\/wp\/v2\/comments?post=514"}],"version-history":[{"count":2,"href":"https:\/\/quimicosmadrid.org\/home\/wp-json\/wp\/v2\/pages\/514\/revisions"}],"predecessor-version":[{"id":518,"href":"https:\/\/quimicosmadrid.org\/home\/wp-json\/wp\/v2\/pages\/514\/revisions\/518"}],"wp:attachment":[{"href":"https:\/\/quimicosmadrid.org\/home\/wp-json\/wp\/v2\/media?parent=514"}],"curies":[{"name":"wp","href":"https:\/\/api.w.org\/{rel}","templated":true}]}}