{"id":7967,"date":"2023-10-17T13:32:42","date_gmt":"2023-10-17T13:32:42","guid":{"rendered":"https:\/\/quimicosmadrid.org\/home\/?post_type=product&#038;p=7967"},"modified":"2025-06-23T13:20:11","modified_gmt":"2025-06-23T11:20:11","slug":"emision-de-carnet-formato-fisico","status":"publish","type":"product","link":"https:\/\/quimicosmadrid.org\/home\/producto\/emision-de-carnet-formato-fisico\/","title":{"rendered":"Emisi\u00f3n de Carnet formato F\u00edsico"},"content":{"rendered":"","protected":false},"excerpt":{"rendered":"<p>Emisi\u00f3n del carnet en formato f\u00edsico de nuestras instituciones<\/p>\n","protected":false},"featured_media":11760,"template":"","meta":{"_acf_changed":false},"product_brand":[],"product_cat":[206],"product_tag":[],"class_list":{"0":"post-7967","1":"product","2":"type-product","3":"status-publish","4":"has-post-thumbnail","6":"product_cat-cuotas","8":"first","9":"instock","10":"purchasable","11":"product-type-simple"},"acf":[],"_links":{"self":[{"href":"https:\/\/quimicosmadrid.org\/home\/wp-json\/wp\/v2\/product\/7967","targetHints":{"allow":["GET"]}}],"collection":[{"href":"https:\/\/quimicosmadrid.org\/home\/wp-json\/wp\/v2\/product"}],"about":[{"href":"https:\/\/quimicosmadrid.org\/home\/wp-json\/wp\/v2\/types\/product"}],"wp:featuredmedia":[{"embeddable":true,"href":"https:\/\/quimicosmadrid.org\/home\/wp-json\/wp\/v2\/media\/11760"}],"wp:attachment":[{"href":"https:\/\/quimicosmadrid.org\/home\/wp-json\/wp\/v2\/media?parent=7967"}],"wp:term":[{"taxonomy":"product_brand","embeddable":true,"href":"https:\/\/quimicosmadrid.org\/home\/wp-json\/wp\/v2\/product_brand?post=7967"},{"taxonomy":"product_cat","embeddable":true,"href":"https:\/\/quimicosmadrid.org\/home\/wp-json\/wp\/v2\/product_cat?post=7967"},{"taxonomy":"product_tag","embeddable":true,"href":"https:\/\/quimicosmadrid.org\/home\/wp-json\/wp\/v2\/product_tag?post=7967"}],"curies":[{"name":"wp","href":"https:\/\/api.w.org\/{rel}","templated":true}]}}